*3/3 - 47*t + 2. Calculate d(-3).
-84
Let f(w) = w**3 + 21*w**2 - w - 6. Let z(d) = d**3 + 25*d**2 - 2*d - 8. Let o(a) = -5*f(a) + 4*z(a). Let c = -16 + 10. Let b = c - -2. Give o(b).
-6
Let c(t) = t**3 - 3*t**2 - 49. Let a be 12 - ((-10)/55 + 869/121). Give c(a).
1
Suppose -7*a + 5*a - 3*z = 295, 4*a = -3*z - 599. Let j = a - -155. Let g(n) = -3*n**2 - n - 2. What is g(j)?
-32
Let m be (3 - 2)*-4*4/(-8). Let a(o) = -4*o**2 + o**2 + 1411 - 1412. Calculate a(m).
-13
Let i(y) be the second derivative of -y**4/12 - y**3/3 + 3*y**2 + 3*y + 430. Suppose 0 = -0*r + 3*r + 15. Give i(r).
-9
Let h(z) be the first derivative of z**4/4 + 2*z**3/3 - 5*z**2/2 - 27*z + 6939. Give h(-4).
-39
Let o(b) = b**2 - 7*b + 1. Let h(u) = u**3 + 9*u**2 + 10*u + 19. Let y be h(-8). Let m be ((-21)/(-28))/(y/20). What is o(m)?
-9
Suppose 0 = 4*b - 15*y + 19*y + 8, 4*b = -5*y - 7. Let k(n) = n**3 + 3*n**2 - n - 15. Determine k(b).
-12
Let v(z) = -z**2 - 11*z + 17. Suppose 2*a - a - 30 = 3*y, 0 = -4*y - 12. Let i be (a/(-9) - 2)*3. Determine v(i).
-9
Let n(j) be the second derivative of -5*j**4/8 - j**3/6 - 53*j**2/2 - 2*j + 9. Let s(g) be the first derivative of n(g). Give s(-1).
14
Let r(x) be the third derivative of -186*x**2 + 0 + 0*x + 1/2*x**3 + 3/8*x**4. Give r(4).
39
Let n(t) = -1 + 81532*t - 81551*t - 2 + 6. Give n(-1).
22
Let y(h) = -h**2 + h + 52. Let t be y(8). Let x(j) = -5 - 2*j**2 - 5*j + j**2 + 10. Give x(t).
9
Let g(m) = 18*m + 16*m - 49*m + 16*m - 14 + 5. Calculate g(-3).
-12
Let o(f) = -18*f**2 - f**3 - 107875*f + 22 + 107876*f + 4*f**2. What is o(-14)?
8
Let o(l) = -11*l**3 - 8*l**2 + 7*l - 2. Let z(k) = 4*k**3 + k**2 - 1. Let s(d) = -o(d) - 3*z(d). Determine s(5).
-30
Let r(v) = -3*v**3 + v**2. Suppose 34 = 2*w + 5*a, 4*a - 9 = 15. Calculate r(w).
-20
Let g(d) = -456*d - 457*d - 459*d + 1828*d - 457*d + 1 + 2. Suppose 0*l + 10 = 5*l. Let r = 5 - l. Give g(r).
0
Suppose 291*a = 287*a + 12. Let b(t) = 7*t**2 + 11*t + 8. Let g(c) = 12*c**2 + 21*c + 15. Let o(h) = a*g(h) - 5*b(h). Determine o(-7).
-2
Let g(t) = 56*t + 1804. Let d be g(-32). Let u(s) = s - 16. Calculate u(d).
-4
Suppose -51*c = -54*c - 957. Let h = c - -320. Let n(w) = -5*w - 6. Let u(a) = 154*a + 187. Let g(o) = -187*n(o) - 6*u(o). Calculate g(h).
11
Let b(o) = 6*o**3 + 25*o - 7*o**3 + 3*o**3 + 6 - 3*o**3 + 23*o**2 + 4. What is b(24)?
34
Let n = 238 - 132. Suppose 0 = -2*h + 2, -3*q + 4*h = -8*q - n. Let y = q + 25. Let r(g) = g + 3. What is r(y)?
6
Let z(l) be the second derivative of -l**4/12 - 7*l**3/3 - 9*l**2 - 5*l. Let g = 596 - 608. What is z(g)?
6
Let y be 5 - 3 - (-5 + 1). Let k(j) = 146 + 8*j + 148 - 446 - j**2 + 149. Give k(y).
9
Let k be 7 - (2 - -5) - -2. Suppose -4*z + 4*s = -k*z - 4, z + 3*s = -23. Let m(p) = -p**3 - 8*p**2 - 2*p - 11. Determine m(z).
5
Let y = 4 - -1. Let r(h) = 2*h + 3*h - 467 + 247 + 221 - h**2. What is r(y)?
1
Let i(l) = -l**3 + 6*l**2 - 6*l. Suppose -j + 26*w - 15 = 31*w, 11 = -j - 4*w. Determine i(j).
-5
Suppose 0 = 5*m - 20, -3*x - 3*m = -7*x + 144. Let z = x + -23. Suppose -z = -7*s - 30. Let v(t) = -5*t - 3. What is v(s)?
7
Let y(k) be the first derivative of -k**6/180 - k**5/60 - k**4/8 - 209*k**3/3 + 201. Let i(w) be the third derivative of y(w). What is i(-2)?
-7
Suppose -56*d = 62*d + 181 + 409. Let j(g) be the first derivative of g**4/4 + 2*g**3 + 3*g**2/2 + 4*g + 8. Determine j(d).
14
Let m(x) = -9*x - 37. Let o(c) = -5*c - 18. Let f(d) = 3*m(d) - 5*o(d). Suppose 104*j - 1016 = -1952. Determine f(j).
-3
Let p(k) = 2*k - 8. Suppose -5*j + 21 = -2*q + q, 4*j - 3*q - 8 = 0. Suppose 0 = -w - 3*g - j, -48*w = -46*w + 2*g - 6. Calculate p(w).
6
Let w(i) = -2*i + 12. Suppose 12*h - 8*h = 264. Let d = h + -55. Give w(d).
-10
Suppose -3*z = -f - 0*f - 10, 0 = 3*f + 12. Let c(q) = 22*q - 9. Give c(z).
35
Suppose -3*h - s + 16 = 0, 485*h - 481*h - 4 = 3*s. Let u(z) = -z**2 + 3*z + 0*z**2 + 0*z. Calculate u(h).
-4
Let g be 506/115 + ((-4)/(-10))/(-1). Let m(a) = a - 8. Determine m(g).
-4
Let b(a) = 2*a**2 - 41*a + 116. Let i(k) = 2*k**2 - 39*k + 114. Let l(o) = 5*b(o) - 6*i(o). Determine l(9).
-5
Let c = 4854 - 4890. Let f(s) = -2*s**2 - 70*s + 80. What is f(c)?
8
Let h = 4217 - 4224. Let j(d) = -d**2 - 3*d + 25. Determine j(h).
-3
Let r(s) = -6 + 3*s + s - 2*s - 6*s**2 + 10. Let p(g) = 6*g**2 - 3*g - 5. Let m(t) = 2*t**2 + 8*t + 4. Let w be m(-4). Let j(c) = w*r(c) + 3*p(c). Give j(1).
-6
Let r(y) = y**3 + 6*y**2 + 13*y + 9. Let v be 480/(-1680) + (-38)/14. Determine r(v).
-3
Let n(u) = 20*u + 9. Suppose -68*s - 85*s - 28 = -167*s. Determine n(s).
49
Let i(y) = 7*y**2. Let l be i(-1). Let s(g) = 2*g. Suppose 0 = 69*m - 82*m - 13. Let x(v) = -10*v - 5. Let r(t) = m*x(t) - 6*s(t). Give r(l).
-9
Let v(s) be the second derivative of -1/720*s**6 - 3/4*s**4 + 0 + 0*s**2 + 4*s + 0*s**3 - 1/60*s**5. Let f(y) be the third derivative of v(y). Give f(-5).
3
Let u(q) = q**3 + 4*q**2 - 8*q - 5. Let w(t) = -t**3 - 26*t**2 - 87*t + 15. Let l be w(-22). Determine u(l).
-96
Suppose 6*j = -8*j + 32 + 66. Let f(s) = s**3 - 7*s**2 + 5*s + 2. What is f(j)?
37
Let i(m) = m**2 - 22*m - 174. Let p be 6/18 - (-556)/20 - (-6)/(-45). Give i(p).
-6
Suppose 3 = 5*j - 17. Suppose y = -4*u, 0*y - j*u = -3*y. Let s(n) = n - 385 + 254 + 122 - n**2. Give s(y).
-9
Let w(q) = -75*q - 1447. Let y be w(-19). Let u(i) = i**2 + 21*i - 23. Give u(y).
-1
Let i(s) = -28*s - 45. Let k be i(-2). Let a(z) = k + 14*z + 1975*z**2 - 1974*z**2 + 3*z. Determine a(-16).
-5
Let r(j) = 7*j**2 - 13*j - 46. Suppose 10*k - 293 = -323. Let q(s) = 4*s**2 - 7*s - 23. Let m(g) = k*r(g) + 5*q(g). Calculate m(7).
2
Let i(d) = d**2 + 2. Suppose 78 = 4*h - 2*j, -2*j + 6 = 2*h - 24. Let v be (-119)/(-63) + 2/h. What is i(v)?
6
Let r(y) be the second derivative of 15 + 0*y**3 - 5/12*y**4 + 6*y + 2*y**2 + 1/20*y**5. Give r(5).
4
Let a be 30/63*1728/80 - (-4)/(-14). Let p(l) = -l**2 - 10*l + 206. Determine p(a).
6
Let t(y) = y**3 + 2*y**2 + 3*y + 5. Let u be t(-2). Let g(l) = 75*l + 7. Let d(x) = -162*x - 15. Let r(z) = -6*d(z) - 13*g(z). Calculate r(u).
2
Let s(u) = 7*u + 4. Let o(n) = 13*n + 9. Let c(x) = 4*o(x) - 7*s(x). Suppose 181*m - 4148*m - 554*m - 15226 = 2858. What is c(m)?
-4
Let c(n) = 3*n**2 - 2*n. Let g(b) = -3*b - 6. Let o = 56 - 59. Let z be g(o). Suppose 0*r = -5*j - z*r - 1, 4*j - 4*r = -20. Give c(j).
16
Suppose 0 = 4*b - 12*b + 40. Suppose 0 = b*n - 4 - 26. Let r(q) = -n*q + 0*q - 4*q. Determine r(1).
-10
Let v(q) be the second derivative of q**4/6 + 4*q**3/3 - 17*q**2/2 + 204*q + 2. What is v(-5)?
-7
Let a(h) be the first derivative of h**2/2 + 4*h + 179. Suppose 1 = -3*m + 22. Suppose m*v - u + 25 = 2*v, 5*v + 4*u + 50 = 0. Give a(v).
-2
Let g(d) be the second derivative of -8*d**3/3 - 37*d**2/2 + 2045*d. Give g(-3).
11
Let o(r) = r**2 - 56*r + 352. Let c be o(49). Let f(q) = -4*q + 12. Calculate f(c).
-24
Let d(o) = o**3 - 4*o**2 - 11*o + 1. Let b be d(6). Let k(a) = 2*a**2 + 10*a - 8 + 4*a**2 + 2 + b + 1 - a**3. Give k(8).
-46
Suppose 5*a - 15 = 17*z - 12*z, 5*a - 11 = 3*z. Let s(d) = 8 - 3*d + d**3 + a - d**2 - 9. Let n(c) = c**2 + 7*c - 5. Let g be n(-8). What is s(g)?
9
Let j be (-164)/(-12) - 1/(-3). Suppose -8*l - 36 = -j*l. Let h be 7/(-21) - (-26)/l. Let r(b) = -b**2 + 2*b + 4. Determine r(h).
-4
Let b(d) be the third derivative of -11*d**2 + 7/24*d**4 + 0*d + 1/120*d**5 + 1/720*d**6 + 0 + 0*d**3. Let k(f) be the second derivative of b(f). What is k(5)?
6
Let z(m) = -m**3 + 2*m**2 + m + 9. Suppose 0 = -4*p + 3*h + 2, -h - 36 + 34 = -p. Determine z(p).
101
Let f(m) be the third derivative of m**6/120 - 7*m**5/60 - 5*m**3/6 + 2*m**2 + 375. Calculate f(5).
-55
Suppose 3*w + 2 = -k + 2*k, -5*k + 4*w = -10. Let v be 3/2 + 2/(-4). Suppose s + v = -2*l, k*s + s = 3. Let n(x) = 7*x - 1. Calculate n(l).
-8
Let b(n) be the third derivative of -n**6/120 + 2*n**5/15 - 7*n**4/24 + 2*n**3 + 825*n**2. Give b(8).
-44
Let d(r) = 9*r**3 - 25*r**2 + r - 5. Let p = 59 - 70. Let i(v) = -5*v**3 + 13*v**2 - v + 3. Let x(q) = p*i(q) - 6*d(q). Suppose -7 + 1 = f. Determine x(f).
3
Let m(g) = g**3 - 9*g**2 - 26*g + 13. Let a = 4322 - 4312. What is m(a)?
-147
Let f(w) = -3*w - 25. Suppose 0 = 2*z - k - 529, 940 = 4*z + 2*k - 114. Suppose -5*n + 204 = z. What is f(n)?
11
Let a be (4/(-6))/(10/(-105)). Suppose -4*